{"id":102,"date":"2012-04-15T15:59:21","date_gmt":"2012-04-15T13:59:21","guid":{"rendered":"https:\/\/www.ondinefrance.org\/?page_id=102"},"modified":"2020-09-03T22:50:44","modified_gmt":"2020-09-03T20:50:44","slug":"4eme-conference-internationale-13-15-avril-2012-varsovie-pologne","status":"publish","type":"page","link":"https:\/\/www.ondinefrance.org\/index.php\/4eme-conference-internationale-13-15-avril-2012-varsovie-pologne\/","title":{"rendered":"4\u00e8me CONF\u00c9RENCE INTERNATIONALE, 13-15 AVRIL 2012, Varsovie, Pologne"},"content":{"rendered":"<p><span style=\"font-size: medium;\"><strong><span style=\"color: #99cc00;\">HYPOVENTILATION CENTRALE<\/span> <\/strong><br \/>\n<\/span><\/p>\n<p>Au cours de ce congr\u00e8s, le bilan des avanc\u00e9es de la Recherche sur le syndrome d&rsquo;hypoventilation centrale est dress\u00e9. Les progr\u00e8s sur la prise en charge sont \u00e9galement abord\u00e9s. Une journ\u00e9e est consacr\u00e9e aux familles de patients.<\/p>\n<p><img loading=\"lazy\" decoding=\"async\" class=\"alignnone size-full wp-image-35\" src=\"https:\/\/www.ondinefrance.org\/wp-content\/uploads\/2020\/08\/strzalka.png\" alt=\"\" width=\"10\" height=\"11\" \/>\u00a0<strong>Le programme:<\/strong><\/p>\n<ul>\n<li>PHOX2B et le d\u00e9veloppement du syst\u00e8me nerveux autonome,<\/li>\n<li>Physiologie et pathologie des fonctions autonomes,<\/li>\n<li>Aspects cliniques,<\/li>\n<li>Avanc\u00e9es dans le diagnostic,<\/li>\n<li>Les mutations de PHOX2B impliqu\u00e9es dans le CCHS,<\/li>\n<li>Les expansions de polyalanine dans les maladies humaines et les indications th\u00e9rapeutiques,<\/li>\n<li>Les soins des patients atteints,<\/li>\n<li>Session r\u00e9serv\u00e9e aux familles.<\/li>\n<\/ul>\n<p>&nbsp;<\/p>\n<div style=\"text-align: center;\"><\/div>\n","protected":false},"excerpt":{"rendered":"<p>HYPOVENTILATION CENTRALE Au cours de ce congr\u00e8s, le bilan des avanc\u00e9es de la Recherche sur le syndrome d&rsquo;hypoventilation centrale est dress\u00e9. Les progr\u00e8s sur la prise en charge sont \u00e9galement abord\u00e9s. Une journ\u00e9e est consacr\u00e9e aux familles de patients. \u00a0Le programme: PHOX2B et le d\u00e9veloppement du syst\u00e8me nerveux autonome, Physiologie et pathologie des fonctions autonomes, [&hellip;]<br \/><a href=\"https:\/\/www.ondinefrance.org\/index.php\/4eme-conference-internationale-13-15-avril-2012-varsovie-pologne\/\" class=\"more-link\" >Continue reading&#8230;<\/a><\/p>\n","protected":false},"author":1,"featured_media":0,"parent":0,"menu_order":0,"comment_status":"closed","ping_status":"closed","template":"","meta":{"footnotes":""},"class_list":["post-102","page","type-page","status-publish","hentry"],"_links":{"self":[{"href":"https:\/\/www.ondinefrance.org\/index.php\/wp-json\/wp\/v2\/pages\/102","targetHints":{"allow":["GET"]}}],"collection":[{"href":"https:\/\/www.ondinefrance.org\/index.php\/wp-json\/wp\/v2\/pages"}],"about":[{"href":"https:\/\/www.ondinefrance.org\/index.php\/wp-json\/wp\/v2\/types\/page"}],"author":[{"embeddable":true,"href":"https:\/\/www.ondinefrance.org\/index.php\/wp-json\/wp\/v2\/users\/1"}],"replies":[{"embeddable":true,"href":"https:\/\/www.ondinefrance.org\/index.php\/wp-json\/wp\/v2\/comments?post=102"}],"version-history":[{"count":5,"href":"https:\/\/www.ondinefrance.org\/index.php\/wp-json\/wp\/v2\/pages\/102\/revisions"}],"predecessor-version":[{"id":543,"href":"https:\/\/www.ondinefrance.org\/index.php\/wp-json\/wp\/v2\/pages\/102\/revisions\/543"}],"wp:attachment":[{"href":"https:\/\/www.ondinefrance.org\/index.php\/wp-json\/wp\/v2\/media?parent=102"}],"curies":[{"name":"wp","href":"https:\/\/api.w.org\/{rel}","templated":true}]}}

4ème CONFÉRENCE INTERNATIONALE, 13-15 AVRIL 2012, Varsovie, Pologne

<p><span style="font-size: medium;"><strong><span style="color: #99cc00;">HYPOVENTILATION CENTRALE</span> </strong><br />
</span></p>
<p>Au cours de ce congrès, le bilan des avancées de la Recherche sur le syndrome d&rsquo;hypoventilation centrale est dressé. Les progrès sur la prise en charge sont également abordés. Une journée est consacrée aux familles de patients.</p>
<p><img loading="lazy" decoding="async" class="alignnone size-full wp-image-35" src="https://www.ondinefrance.org/wp-content/uploads/2020/08/strzalka.png" alt="" width="10" height="11" /> <strong>Le programme:</strong></p>
<ul>
<li>PHOX2B et le développement du système nerveux autonome,</li>
<li>Physiologie et pathologie des fonctions autonomes,</li>
<li>Aspects cliniques,</li>
<li>Avancées dans le diagnostic,</li>
<li>Les mutations de PHOX2B impliquées dans le CCHS,</li>
<li>Les expansions de polyalanine dans les maladies humaines et les indications thérapeutiques,</li>
<li>Les soins des patients atteints,</li>
<li>Session réservée aux familles.</li>
</ul>
<p>&nbsp;</p>
<div style="text-align: center;"></div>

<p>HYPOVENTILATION CENTRALE Au cours de ce congrès, le bilan des avancées de la Recherche sur le syndrome d&rsquo;hypoventilation centrale est dressé. Les progrès sur la prise en charge sont également abordés. Une journée est consacrée aux familles de patients.  Le programme: PHOX2B et le développement du système nerveux autonome, Physiologie et pathologie des fonctions autonomes, [&hellip;]<br /><a href="https://www.ondinefrance.org/index.php/4eme-conference-internationale-13-15-avril-2012-varsovie-pologne/" class="more-link" >Continue reading&#8230;</a></p>
