{"id":166,"date":"2020-08-20T18:34:06","date_gmt":"2020-08-20T16:34:06","guid":{"rendered":"https:\/\/www.ondinefrance.org\/?page_id=166"},"modified":"2020-09-02T17:34:02","modified_gmt":"2020-09-02T15:34:02","slug":"les-services","status":"publish","type":"page","link":"https:\/\/www.ondinefrance.org\/index.php\/les-services\/","title":{"rendered":"Les services"},"content":{"rendered":"<p><strong><img loading=\"lazy\" decoding=\"async\" class=\"size-full wp-image-315 alignleft\" src=\"https:\/\/www.ondinefrance.org\/wp-content\/uploads\/2020\/08\/logo_debre.png\" alt=\"\" width=\"55\" height=\"54\" \/><\/strong><\/p>\n<p>CENTRE DE R\u00c9F\u00c9RENCE FRAN\u00c7AIS DU SYNDROME D&rsquo;ONDINE<br \/>\nH\u00d4PITAL ROBERT DEBRE<br \/>\n48, boulevard Serurier &#8211; 75019 PARIS<br \/>\nT\u00e9l: 01.40.03.47.51 \/ Fax: 01.40.03.47.70<\/p>\n<ul>\n<li>Service de Physiologie:\u00a0<strong>Dr Ha TRANG \/ <\/strong><strong>Dr Fawzia HERAUT<\/strong><\/li>\n<li>Service de R\u00e9animation: <strong>Dr St\u00e9phane DAUGER<\/strong><\/li>\n<li>Service d&rsquo;ORL: <strong>Pr Thierry VAN DEN ABBELLE<\/strong><\/li>\n<li>Service d&rsquo;Ophtalmologie: <strong>Dr Dominique BREMOND<\/strong><\/li>\n<li>Service de Gastro-ent\u00e9rologie: <strong>Dr Marc BELLAICHE<\/strong><\/li>\n<li>Service de Chirurgie visc\u00e9rale: <strong>Dr Elisabeth CARRICABURU<\/strong><\/li>\n<li>Service d&rsquo;Endocrinologie: <strong>Pr Juliane LEGER<\/strong><\/li>\n<li>Service De Neurologie: <strong>Dr Isabelle HUSSON<\/strong><\/li>\n<li>Service de g\u00e9n\u00e9tique: <strong>Dr Nathalie COUQUE<\/strong><\/li>\n<li>Service d&rsquo;Imagerie: <strong>Dr Monique ELMALEH<\/strong><\/li>\n<\/ul>\n","protected":false},"excerpt":{"rendered":"<p>CENTRE DE R\u00c9F\u00c9RENCE FRAN\u00c7AIS DU SYNDROME D&rsquo;ONDINE H\u00d4PITAL ROBERT DEBRE 48, boulevard Serurier &#8211; 75019 PARIS T\u00e9l: 01.40.03.47.51 \/ Fax: 01.40.03.47.70 Service de Physiologie:\u00a0Dr Ha TRANG \/ Dr Fawzia HERAUT Service de R\u00e9animation: Dr St\u00e9phane DAUGER Service d&rsquo;ORL: Pr Thierry VAN DEN ABBELLE Service d&rsquo;Ophtalmologie: Dr Dominique BREMOND Service de Gastro-ent\u00e9rologie: Dr Marc BELLAICHE Service [&hellip;]<br \/><a href=\"https:\/\/www.ondinefrance.org\/index.php\/les-services\/\" class=\"more-link\" >Continue reading&#8230;<\/a><\/p>\n","protected":false},"author":1,"featured_media":0,"parent":0,"menu_order":0,"comment_status":"closed","ping_status":"closed","template":"","meta":{"footnotes":""},"class_list":["post-166","page","type-page","status-publish","hentry"],"_links":{"self":[{"href":"https:\/\/www.ondinefrance.org\/index.php\/wp-json\/wp\/v2\/pages\/166","targetHints":{"allow":["GET"]}}],"collection":[{"href":"https:\/\/www.ondinefrance.org\/index.php\/wp-json\/wp\/v2\/pages"}],"about":[{"href":"https:\/\/www.ondinefrance.org\/index.php\/wp-json\/wp\/v2\/types\/page"}],"author":[{"embeddable":true,"href":"https:\/\/www.ondinefrance.org\/index.php\/wp-json\/wp\/v2\/users\/1"}],"replies":[{"embeddable":true,"href":"https:\/\/www.ondinefrance.org\/index.php\/wp-json\/wp\/v2\/comments?post=166"}],"version-history":[{"count":5,"href":"https:\/\/www.ondinefrance.org\/index.php\/wp-json\/wp\/v2\/pages\/166\/revisions"}],"predecessor-version":[{"id":457,"href":"https:\/\/www.ondinefrance.org\/index.php\/wp-json\/wp\/v2\/pages\/166\/revisions\/457"}],"wp:attachment":[{"href":"https:\/\/www.ondinefrance.org\/index.php\/wp-json\/wp\/v2\/media?parent=166"}],"curies":[{"name":"wp","href":"https:\/\/api.w.org\/{rel}","templated":true}]}}

<p><strong><img loading="lazy" decoding="async" class="size-full wp-image-315 alignleft" src="https://www.ondinefrance.org/wp-content/uploads/2020/08/logo_debre.png" alt="" width="55" height="54" /></strong></p>
<p>CENTRE DE RÉFÉRENCE FRANÇAIS DU SYNDROME D&rsquo;ONDINE<br />
HÔPITAL ROBERT DEBRE<br />
48, boulevard Serurier &#8211; 75019 PARIS<br />
Tél: 01.40.03.47.51 / Fax: 01.40.03.47.70</p>
<ul>
<li>Service de Physiologie: <strong>Dr Ha TRANG / </strong><strong>Dr Fawzia HERAUT</strong></li>
<li>Service de Réanimation: <strong>Dr Stéphane DAUGER</strong></li>
<li>Service d&rsquo;ORL: <strong>Pr Thierry VAN DEN ABBELLE</strong></li>
<li>Service d&rsquo;Ophtalmologie: <strong>Dr Dominique BREMOND</strong></li>
<li>Service de Gastro-entérologie: <strong>Dr Marc BELLAICHE</strong></li>
<li>Service de Chirurgie viscérale: <strong>Dr Elisabeth CARRICABURU</strong></li>
<li>Service d&rsquo;Endocrinologie: <strong>Pr Juliane LEGER</strong></li>
<li>Service De Neurologie: <strong>Dr Isabelle HUSSON</strong></li>
<li>Service de génétique: <strong>Dr Nathalie COUQUE</strong></li>
<li>Service d&rsquo;Imagerie: <strong>Dr Monique ELMALEH</strong></li>
</ul>

<p>CENTRE DE RÉFÉRENCE FRANÇAIS DU SYNDROME D&rsquo;ONDINE HÔPITAL ROBERT DEBRE 48, boulevard Serurier &#8211; 75019 PARIS Tél: 01.40.03.47.51 / Fax: 01.40.03.47.70 Service de Physiologie: Dr Ha TRANG / Dr Fawzia HERAUT Service de Réanimation: Dr Stéphane DAUGER Service d&rsquo;ORL: Pr Thierry VAN DEN ABBELLE Service d&rsquo;Ophtalmologie: Dr Dominique BREMOND Service de Gastro-entérologie: Dr Marc BELLAICHE Service [&hellip;]<br /><a href="https://www.ondinefrance.org/index.php/les-services/" class="more-link" >Continue reading&#8230;</a></p>
