{"id":207,"date":"2020-08-21T17:59:42","date_gmt":"2020-08-21T15:59:42","guid":{"rendered":"https:\/\/www.ondinefrance.org\/?page_id=207"},"modified":"2020-09-04T17:33:16","modified_gmt":"2020-09-04T15:33:16","slug":"rencontres-2010","status":"publish","type":"page","link":"https:\/\/www.ondinefrance.org\/index.php\/rencontres-2010\/","title":{"rendered":"Rencontres 2010"},"content":{"rendered":"<p><span style=\"color: #99cc00;\"><strong>RENCONTRE du 23 octobre 2010 \u00e0 Paris, Maisons-Alfort<\/strong><\/span><\/p>\n<p><strong><img loading=\"lazy\" decoding=\"async\" class=\"alignnone size-full wp-image-35\" src=\"https:\/\/www.ondinefrance.org\/wp-content\/uploads\/2020\/08\/strzalka.png\" alt=\"\" width=\"10\" height=\"11\" \/> Participants:<\/strong><\/p>\n<ul>\n<li>Centre de R\u00e9f\u00e9rence du Syndrome d&rsquo;Ondine<\/li>\n<li>Association Fran\u00e7aise du Syndrome d&rsquo;Ondine<\/li>\n<\/ul>\n<p><img loading=\"lazy\" decoding=\"async\" class=\"alignnone size-full wp-image-35\" src=\"https:\/\/www.ondinefrance.org\/wp-content\/uploads\/2020\/08\/strzalka.png\" alt=\"\" width=\"10\" height=\"11\" \/> <strong>Programme:<\/strong><\/p>\n<ul>\n<li>Accueil des familles et des intervenants.<\/li>\n<li>Pr\u00e9sentation de la journ\u00e9e par Mme Nathalie Franckhauser, Pr\u00e9sidente AFSOndine.<\/li>\n<li>Pr\u00e9sentation du projet de recherche de Comportement chaotique de la respiration, avec Melle Anja Ranohavimparany, sous la direction Dr Christian Straus.<\/li>\n<li>Nouveaut\u00e9s dans la prise en charge par le Centre de R\u00e9f\u00e9rence du syndrome d&rsquo;Ondine&#8230; 3 aspects: cardiaque, endocrinien et neuro-psychologique avec le Dr\u00a0Ha Trang, H\u00f4pital Robert Debr\u00e9, et le Dr Richard Isnard, H\u00f4pital La Piti\u00e9.<\/li>\n<li>Aspects g\u00e9n\u00e9tiques des syndrome d&rsquo;hypoventilation centrale avec le Dr Lo\u00efc de Pontual, h\u00f4pital Necker.<\/li>\n<li>R\u00e9sultats de l&rsquo;\u00e9tude de la qualit\u00e9 de vie des adultes Ondine avec le Dr\u00a0Christian Straus, H\u00f4pital\u00a0Piti\u00e9 Salp\u00eatri\u00e8re.<\/li>\n<li>R\u00e9sultats des travaux exp\u00e9rimentaux sur la souris Phox-2B, avec Mr Jorge Gallego, INSERM.<\/li>\n<\/ul>\n<p>Chaque pr\u00e9sentation est suivie de questions de la salle et discussions avec les m\u00e9decins et chercheurs.<\/p>\n<ul>\n<li>L&rsquo;apr\u00e8s-midi est consacr\u00e9e \u00e0 la pr\u00e9sentation des r\u00e9sultats de la recherche de l&rsquo;AFSO sur les aides familiales et humaines dans le cadre du dossier PMS (Prise en charge M\u00e9dico-Sociale) coordonn\u00e9 par le Centre de R\u00e9f\u00e9rence du syndrome d&rsquo;Ondine.<\/li>\n<\/ul>\n","protected":false},"excerpt":{"rendered":"<p>RENCONTRE du 23 octobre 2010 \u00e0 Paris, Maisons-Alfort Participants: Centre de R\u00e9f\u00e9rence du Syndrome d&rsquo;Ondine Association Fran\u00e7aise du Syndrome d&rsquo;Ondine Programme: Accueil des familles et des intervenants. Pr\u00e9sentation de la journ\u00e9e par Mme Nathalie Franckhauser, Pr\u00e9sidente AFSOndine. Pr\u00e9sentation du projet de recherche de Comportement chaotique de la respiration, avec Melle Anja Ranohavimparany, sous la direction [&hellip;]<br \/><a href=\"https:\/\/www.ondinefrance.org\/index.php\/rencontres-2010\/\" class=\"more-link\" >Continue reading&#8230;<\/a><\/p>\n","protected":false},"author":1,"featured_media":0,"parent":0,"menu_order":0,"comment_status":"closed","ping_status":"closed","template":"","meta":{"footnotes":""},"class_list":["post-207","page","type-page","status-publish","hentry"],"_links":{"self":[{"href":"https:\/\/www.ondinefrance.org\/index.php\/wp-json\/wp\/v2\/pages\/207","targetHints":{"allow":["GET"]}}],"collection":[{"href":"https:\/\/www.ondinefrance.org\/index.php\/wp-json\/wp\/v2\/pages"}],"about":[{"href":"https:\/\/www.ondinefrance.org\/index.php\/wp-json\/wp\/v2\/types\/page"}],"author":[{"embeddable":true,"href":"https:\/\/www.ondinefrance.org\/index.php\/wp-json\/wp\/v2\/users\/1"}],"replies":[{"embeddable":true,"href":"https:\/\/www.ondinefrance.org\/index.php\/wp-json\/wp\/v2\/comments?post=207"}],"version-history":[{"count":4,"href":"https:\/\/www.ondinefrance.org\/index.php\/wp-json\/wp\/v2\/pages\/207\/revisions"}],"predecessor-version":[{"id":577,"href":"https:\/\/www.ondinefrance.org\/index.php\/wp-json\/wp\/v2\/pages\/207\/revisions\/577"}],"wp:attachment":[{"href":"https:\/\/www.ondinefrance.org\/index.php\/wp-json\/wp\/v2\/media?parent=207"}],"curies":[{"name":"wp","href":"https:\/\/api.w.org\/{rel}","templated":true}]}}

<p><span style="color: #99cc00;"><strong>RENCONTRE du 23 octobre 2010 à Paris, Maisons-Alfort</strong></span></p>
<p><strong><img loading="lazy" decoding="async" class="alignnone size-full wp-image-35" src="https://www.ondinefrance.org/wp-content/uploads/2020/08/strzalka.png" alt="" width="10" height="11" /> Participants:</strong></p>
<ul>
<li>Centre de Référence du Syndrome d&rsquo;Ondine</li>
<li>Association Française du Syndrome d&rsquo;Ondine</li>
</ul>
<p><img loading="lazy" decoding="async" class="alignnone size-full wp-image-35" src="https://www.ondinefrance.org/wp-content/uploads/2020/08/strzalka.png" alt="" width="10" height="11" /> <strong>Programme:</strong></p>
<ul>
<li>Accueil des familles et des intervenants.</li>
<li>Présentation de la journée par Mme Nathalie Franckhauser, Présidente AFSOndine.</li>
<li>Présentation du projet de recherche de Comportement chaotique de la respiration, avec Melle Anja Ranohavimparany, sous la direction Dr Christian Straus.</li>
<li>Nouveautés dans la prise en charge par le Centre de Référence du syndrome d&rsquo;Ondine&#8230; 3 aspects: cardiaque, endocrinien et neuro-psychologique avec le Dr Ha Trang, Hôpital Robert Debré, et le Dr Richard Isnard, Hôpital La Pitié.</li>
<li>Aspects génétiques des syndrome d&rsquo;hypoventilation centrale avec le Dr Loïc de Pontual, hôpital Necker.</li>
<li>Résultats de l&rsquo;étude de la qualité de vie des adultes Ondine avec le Dr Christian Straus, Hôpital Pitié Salpêtrière.</li>
<li>Résultats des travaux expérimentaux sur la souris Phox-2B, avec Mr Jorge Gallego, INSERM.</li>
</ul>
<p>Chaque présentation est suivie de questions de la salle et discussions avec les médecins et chercheurs.</p>
<ul>
<li>L&rsquo;après-midi est consacrée à la présentation des résultats de la recherche de l&rsquo;AFSO sur les aides familiales et humaines dans le cadre du dossier PMS (Prise en charge Médico-Sociale) coordonné par le Centre de Référence du syndrome d&rsquo;Ondine.</li>
</ul>

<p>RENCONTRE du 23 octobre 2010 à Paris, Maisons-Alfort Participants: Centre de Référence du Syndrome d&rsquo;Ondine Association Française du Syndrome d&rsquo;Ondine Programme: Accueil des familles et des intervenants. Présentation de la journée par Mme Nathalie Franckhauser, Présidente AFSOndine. Présentation du projet de recherche de Comportement chaotique de la respiration, avec Melle Anja Ranohavimparany, sous la direction [&hellip;]<br /><a href="https://www.ondinefrance.org/index.php/rencontres-2010/" class="more-link" >Continue reading&#8230;</a></p>
