{"id":211,"date":"2020-08-21T18:04:24","date_gmt":"2020-08-21T16:04:24","guid":{"rendered":"https:\/\/www.ondinefrance.org\/?page_id=211"},"modified":"2020-09-03T23:12:13","modified_gmt":"2020-09-03T21:12:13","slug":"rencontres-2015","status":"publish","type":"page","link":"https:\/\/www.ondinefrance.org\/index.php\/rencontres-2015\/","title":{"rendered":"Rencontres 2015"},"content":{"rendered":"<p><span style=\"color: #99cc00;\"><strong>RENCONTRE du 18 avril 2015, \u00e0 Aix-les-Bains<\/strong><\/span><\/p>\n<p><img loading=\"lazy\" decoding=\"async\" class=\"alignnone wp-image-35\" src=\"https:\/\/www.ondinefrance.org\/wp-content\/uploads\/2020\/08\/strzalka.png\" alt=\"\" width=\"10\" height=\"11\" \/> <strong>Organisation:<\/strong><\/p>\n<ul>\n<li>Association Fran\u00e7aise du Syndrome d&rsquo;Ondine<\/li>\n<\/ul>\n<p><strong><img loading=\"lazy\" decoding=\"async\" class=\"alignnone wp-image-35\" src=\"https:\/\/www.ondinefrance.org\/wp-content\/uploads\/2020\/08\/strzalka.png\" alt=\"\" width=\"10\" height=\"11\" \/> Participants:<\/strong><\/p>\n<ul>\n<li>Centre de R\u00e9f\u00e9rence du Syndrome d&rsquo;Ondine<\/li>\n<li>Association Fran\u00e7aise du Syndrome d&rsquo;Ondine<\/li>\n<\/ul>\n<p><strong><img loading=\"lazy\" decoding=\"async\" class=\"alignnone wp-image-35\" src=\"https:\/\/www.ondinefrance.org\/wp-content\/uploads\/2020\/08\/strzalka.png\" alt=\"\" width=\"10\" height=\"11\" \/> Programme:<\/strong><\/p>\n<ul>\n<li><a href=\"https:\/\/www.ondinefrance.org\/wp-content\/uploads\/2020\/08\/Agenda_de_la_Journee_des_familles_2015_v3.pdf\" target=\"_blank\" rel=\"noopener noreferrer\">Le programme de la rencontre<\/a> &#8211; Document PDF <img loading=\"lazy\" decoding=\"async\" class=\"alignnone wp-image-319\" src=\"https:\/\/www.ondinefrance.org\/wp-content\/uploads\/2020\/08\/pdf.gif\" alt=\"\" width=\"20\" height=\"17\" \/><\/li>\n<\/ul>\n","protected":false},"excerpt":{"rendered":"<p>RENCONTRE du 18 avril 2015, \u00e0 Aix-les-Bains Organisation: Association Fran\u00e7aise du Syndrome d&rsquo;Ondine Participants: Centre de R\u00e9f\u00e9rence du Syndrome d&rsquo;Ondine Association Fran\u00e7aise du Syndrome d&rsquo;Ondine Programme: Le programme de la rencontre &#8211; Document PDF<br \/><a href=\"https:\/\/www.ondinefrance.org\/index.php\/rencontres-2015\/\" class=\"more-link\" >Continue reading&#8230;<\/a><\/p>\n","protected":false},"author":1,"featured_media":0,"parent":0,"menu_order":0,"comment_status":"closed","ping_status":"closed","template":"","meta":{"footnotes":""},"class_list":["post-211","page","type-page","status-publish","hentry"],"_links":{"self":[{"href":"https:\/\/www.ondinefrance.org\/index.php\/wp-json\/wp\/v2\/pages\/211","targetHints":{"allow":["GET"]}}],"collection":[{"href":"https:\/\/www.ondinefrance.org\/index.php\/wp-json\/wp\/v2\/pages"}],"about":[{"href":"https:\/\/www.ondinefrance.org\/index.php\/wp-json\/wp\/v2\/types\/page"}],"author":[{"embeddable":true,"href":"https:\/\/www.ondinefrance.org\/index.php\/wp-json\/wp\/v2\/users\/1"}],"replies":[{"embeddable":true,"href":"https:\/\/www.ondinefrance.org\/index.php\/wp-json\/wp\/v2\/comments?post=211"}],"version-history":[{"count":7,"href":"https:\/\/www.ondinefrance.org\/index.php\/wp-json\/wp\/v2\/pages\/211\/revisions"}],"predecessor-version":[{"id":553,"href":"https:\/\/www.ondinefrance.org\/index.php\/wp-json\/wp\/v2\/pages\/211\/revisions\/553"}],"wp:attachment":[{"href":"https:\/\/www.ondinefrance.org\/index.php\/wp-json\/wp\/v2\/media?parent=211"}],"curies":[{"name":"wp","href":"https:\/\/api.w.org\/{rel}","templated":true}]}}

<p><span style="color: #99cc00;"><strong>RENCONTRE du 18 avril 2015, à Aix-les-Bains</strong></span></p>
<p><img loading="lazy" decoding="async" class="alignnone wp-image-35" src="https://www.ondinefrance.org/wp-content/uploads/2020/08/strzalka.png" alt="" width="10" height="11" /> <strong>Organisation:</strong></p>
<ul>
<li>Association Française du Syndrome d&rsquo;Ondine</li>
</ul>
<p><strong><img loading="lazy" decoding="async" class="alignnone wp-image-35" src="https://www.ondinefrance.org/wp-content/uploads/2020/08/strzalka.png" alt="" width="10" height="11" /> Participants:</strong></p>
<ul>
<li>Centre de Référence du Syndrome d&rsquo;Ondine</li>
<li>Association Française du Syndrome d&rsquo;Ondine</li>
</ul>
<p><strong><img loading="lazy" decoding="async" class="alignnone wp-image-35" src="https://www.ondinefrance.org/wp-content/uploads/2020/08/strzalka.png" alt="" width="10" height="11" /> Programme:</strong></p>
<ul>
<li><a href="https://www.ondinefrance.org/wp-content/uploads/2020/08/Agenda_de_la_Journee_des_familles_2015_v3.pdf" target="_blank" rel="noopener noreferrer">Le programme de la rencontre</a> &#8211; Document PDF <img loading="lazy" decoding="async" class="alignnone wp-image-319" src="https://www.ondinefrance.org/wp-content/uploads/2020/08/pdf.gif" alt="" width="20" height="17" /></li>
</ul>

<p>RENCONTRE du 18 avril 2015, à Aix-les-Bains Organisation: Association Française du Syndrome d&rsquo;Ondine Participants: Centre de Référence du Syndrome d&rsquo;Ondine Association Française du Syndrome d&rsquo;Ondine Programme: Le programme de la rencontre &#8211; Document PDF<br /><a href="https://www.ondinefrance.org/index.php/rencontres-2015/" class="more-link" >Continue reading&#8230;</a></p>
